{"id":7,"date":"2017-11-12T20:36:20","date_gmt":"2017-11-13T01:36:20","guid":{"rendered":"http:\/\/nikol.ovh\/?page_id=7"},"modified":"2019-05-06T06:23:41","modified_gmt":"2019-05-06T10:23:41","slug":"page-daccueil","status":"publish","type":"page","link":"https:\/\/nikol.ovh\/","title":{"rendered":"Page d&#8217;accueil"},"content":{"rendered":"<p>L&#8217;artiste Nikol pr\u00e9sente quelques volets de sa recherche en peinture s&#8217;\u00e9chelonnant sur plusieurs d\u00e9cennies et regroup\u00e9e selon diff\u00e9rentes techniques picturales.<\/p>\n<p>L&#8217;enfant, la famille, la soci\u00e9t\u00e9, la vie! La\u00a0 r\u00e9alit\u00e9 n&#8217;est que sugg\u00e9r\u00e9e. Au spectateur d&#8217;en faire la lecture et de vivre ses propres \u00e9motions!<\/p>\n<p>Principales techniques pr\u00e9sent\u00e9es<\/p>\n<ul>\n<li>Glacis \u00e0 l&#8217;huile selon la \u00abTechnique des Anciens\u00bb<\/li>\n<li>Constructions de papier et glacis \u00e0 l&#8217;huile<\/li>\n<li>Peinture acrylique<\/li>\n<li>Monotypes<\/li>\n<\/ul>\n","protected":false},"excerpt":{"rendered":"<p>L&#8217;artiste Nikol pr\u00e9sente quelques volets de sa recherche en peinture s&#8217;\u00e9chelonnant sur plusieurs d\u00e9cennies et regroup\u00e9e selon diff\u00e9rentes techniques picturales. L&#8217;enfant, la famille, la soci\u00e9t\u00e9, la vie! La\u00a0 r\u00e9alit\u00e9 n&#8217;est que sugg\u00e9r\u00e9e. Au spectateur d&#8217;en faire la lecture et de vivre ses propres \u00e9motions! Principales techniques pr\u00e9sent\u00e9es Glacis \u00e0 l&#8217;huile selon la \u00abTechnique des Anciens\u00bb &hellip; <\/p>\n<p class=\"link-more\"><a href=\"https:\/\/nikol.ovh\/\" class=\"more-link\">Continue reading<span class=\"screen-reader-text\"> &#8220;Page d&#8217;accueil&#8221;<\/span><\/a><\/p>\n","protected":false},"author":1,"featured_media":0,"parent":0,"menu_order":0,"comment_status":"closed","ping_status":"closed","template":"","meta":{"footnotes":""},"class_list":["post-7","page","type-page","status-publish","hentry"],"_links":{"self":[{"href":"https:\/\/nikol.ovh\/index.php\/wp-json\/wp\/v2\/pages\/7","targetHints":{"allow":["GET"]}}],"collection":[{"href":"https:\/\/nikol.ovh\/index.php\/wp-json\/wp\/v2\/pages"}],"about":[{"href":"https:\/\/nikol.ovh\/index.php\/wp-json\/wp\/v2\/types\/page"}],"author":[{"embeddable":true,"href":"https:\/\/nikol.ovh\/index.php\/wp-json\/wp\/v2\/users\/1"}],"replies":[{"embeddable":true,"href":"https:\/\/nikol.ovh\/index.php\/wp-json\/wp\/v2\/comments?post=7"}],"version-history":[{"count":10,"href":"https:\/\/nikol.ovh\/index.php\/wp-json\/wp\/v2\/pages\/7\/revisions"}],"predecessor-version":[{"id":93,"href":"https:\/\/nikol.ovh\/index.php\/wp-json\/wp\/v2\/pages\/7\/revisions\/93"}],"wp:attachment":[{"href":"https:\/\/nikol.ovh\/index.php\/wp-json\/wp\/v2\/media?parent=7"}],"curies":[{"name":"wp","href":"https:\/\/api.w.org\/{rel}","templated":true}]}}